by 2666?
311
What is the remainder when 9430 is divided by 2571?
1717
Calculate the remainder when 1168666 is divided by 707.
702
Calculate the remainder when 1170 is divided by 113.
40
Calculate the remainder when 2127 is divided by 307.
285
Calculate the remainder when 7064 is divided by 436.
88
What is the remainder when 47121 is divided by 191?
135
Calculate the remainder when 1267040 is divided by 17.
13
Calculate the remainder when 151129 is divided by 16792.
1
Calculate the remainder when 1206180 is divided by 317.
312
Calculate the remainder when 20877 is divided by 72.
69
What is the remainder when 75618 is divided by 581?
88
What is the remainder when 71970 is divided by 23971?
57
What is the remainder when 428627 is divided by 225?
2
Calculate the remainder when 16010 is divided by 1458.
1430
Calculate the remainder when 143308 is divided by 51.
49
What is the remainder when 9621 is divided by 11?
7
What is the remainder when 8202 is divided by 1625?
77
What is the remainder when 32127 is divided by 9?
6
Calculate the remainder when 870 is divided by 4.
2
What is the remainder when 38656 is divided by 38491?
165
What is the remainder when 5671 is divided by 232?
103
Calculate the remainder when 44627 is divided by 260.
167
Calculate the remainder when 2936 is divided by 714.
80
What is the remainder when 2845099 is divided by 61?
59
What is the remainder when 84932 is divided by 143?
133
Calculate the remainder when 31031 is divided by 1825.
6
What is the remainder when 31406 is divided by 208?
206
Calculate the remainder when 56652 is divided by 21.
15
What is the remainder when 113115 is divided by 4712?
27
Calculate the remainder when 19427 is divided by 9698.
31
What is the remainder when 4524 is divided by 721?
198
Calculate the remainder when 42230 is divided by 220.
210
Calculate the remainder when 115089 is divided by 28768.
17
What is the remainder when 181171 is divided by 45277?
63
Calculate the remainder when 42053 is divided by 21018.
17
Calculate the remainder when 23275 is divided by 529.
528
What is the remainder when 772298 is divided by 1222?
1216
What is the remainder when 57949 is divided by 19316?
1
What is the remainder when 1295 is divided by 18?
17
Calculate the remainder when 38923 is divided by 38918.
5
What is the remainder when 447 is divided by 192?
63
What is the remainder when 10983 is divided by 738?
651
Calculate the remainder when 22149 is divided by 5536.
5
What is the remainder when 69581 is divided by 34789?
3
Calculate the remainder when 2094 is divided by 683.
45
Calculate the remainder when 6408 is divided by 13.
12
What is the remainder when 96217 is divided by 553?
548
What is the remainder when 179485 is divided by 109?
71
What is the remainder when 33581 is divided by 8391?
17
What is the remainder when 5693 is divided by 14?
9
Calculate the remainder when 97098 is divided by 18.
6
What is the remainder when 1501 is divided by 99?
16
What is the remainder when 31483 is divided by 92?
19
Calculate the remainder when 15685 is divided by 21.
19
What is the remainder when 17859 is divided by 116?
111
Calculate the remainder when 2763179 is divided by 139.
137
What is the remainder when 4839 is divided by 44?
43
What is the remainder when 48960 is divided by 859?
856
Calculate the remainder when 2595 is divided by 639.
39
Calculate the remainder when 139309 is divided by 21.
16
What is the remainder when 649 is divided by 13?
12
What is the remainder when 18478 is divided by 5921?
715
Calculate the remainder when 16748 is divided by 1195.
18
Calculate the remainder when 5102613 is divided by 24.
21
What is the remainder when 608 is divided by 84?
20
Calculate the remainder when 1600 is divided by 23.
13
What is the remainder when 664996 is divided by 332496?
4
Calculate the remainder when 12243 is divided by 225.
93
Calculate the remainder when 10654 is divided by 146.
142
What is the remainder when 78291 is divided by 16?
3
Calculate the remainder when 84818 is divided by 195.
188
Calculate the remainder when 458891 is divided by 42.
41
What is the remainder when 7120 is divided by 2340?
100
What is the remainder when 16107 is divided by 488?
3
What is the remainder when 26737 is divided by 453?
10
Calculate the remainder when 53973 is divided by 14.
3
What is the remainder when 11791 is divided by 5794?
203
Calculate the remainder when 819735 is divided by 9.
6
What is the remainder when 4294 is divided by 1071?
10
Calculate the remainder when 1069378 is divided by 585.
583
Calculate the remainder when 1130 is divided by 292.
254
What is the remainder when 1305 is divided by 754?
551
Calculate the remainder when 481 is divided by 216.
49
What is the remainder when 162806 is divided by 36?
14
Calculate the remainder when 2249239 is divided by 203.
202
Calculate the remainder when 480221 is divided by 27.
26
What is the remainder when 25323 is divided by 257?
137
Calculate the remainder when 5536 is divided by 412.
180
What is the remainder when 22004 is divided by 168?
164
Calculate the remainder when 145534 is divided by 184.
174
Calculate the remainder when 1467 is divided by 483.
18
What is the remainder when 412 is divided by 100?
12
Calculate the remainder when 17275 is divided by 90.
85
What is the remainder when 8400 is divided by 79?
26
Calculate the remainder when 2843586 is divided by 85.
81
What is the remainder when 33610 is divided by 1526?
38
What is the remainder when 15955 is divided by 15944?
11
What is the remainder when 4670 is divided by 864?
350
What is the remainder when 5931 is divided by 711?
243
Calculate the remainder when 17488 is divided by 5818.
34
What is the remainder when 21384 is divided by 691?
654
What is the remainder when 5316 is divided by 105?
66
What is the remainder when 7736 is divided by 267?
260
Calculate the remainder when 1133735 is divided by 351.
5
What is the remainder when 22675 is divided by 11328?
19
What is the remainder when 13396 is divided by 13337?
59
Calculate the remainder when 564248 is divided by 50.
48
What is the remainder when 11442 is divided by 2857?
14
Calculate the remainder when 2391 is divided by 59.
31
Calculate the remainder when 1244547 is divided by 32751.
9
Calculate the remainder when 95874 is divided by 603.
600
What is the remainder when 641 is divided by 393?
248
What is the remainder when 70126 is divided by 16?
14
Calculate the remainder when 31209 is divided by 7795.
29
Calculate the remainder when 1282 is divided by 93.
73
Calculate the remainder when 458 is divided by 22.
18
What is the remainder when 38481 is divided by 12?
9
Calculate the remainder when 56117 is divided by 1059.
1049
What is the remainder when 35301 is divided by 45?
21
Calculate the remainder when 1320 is divided by 865.
455
Calculate the remainder when 2441 is divided by 2366.
75
Calculate the remainder when 161080 is divided by 27.
25
Calculate the remainder when 92034 is divided by 39.
33
What is the remainder when 15588 is divided by 30?
18
What is the remainder when 26215 is divided by 116?
115
What is the remainder when 2875 is divided by 277?
105
Calculate the remainder when 5827 is divided by 243.
238
What is the remainder when 2040252 is divided by 85?
82
What is the remainder when 62108 is divided by 306?
296
What is the remainder when 5085 is divided by 819?
171
Calculate the remainder when 82106 is divided by 547.
56
What is the remainder when 10798058 is divided by 2380?
2378
What is the remainder when 41314 is divided by 132?
130
Calculate the remainder when 31461 is divided by 33.
12
Calculate the remainder when 20740 is divided by 6904.
28
What is the remainder when 77146 is divided by 103?
102
Calculate the remainder when 59096 is divided by 395.
241
What is the remainder when 18683 is divided by 1697?
16
Calculate the remainder when 219887 is divided by 309.
188
What is the remainder when 8633 is divided by 8100?
533
What is the remainder when 24606 is divided by 174?
72
Calculate the remainder when 5018 is divided by 112.
90
Calculate the remainder when 531217 is divided by 11.
5
Calculate the remainder when 46278 is divided by 238.
106
Calculate the remainder when 1427 is divided by 465.
32
Calculate the remainder wh